{"id":880,"date":"2021-11-06T08:22:20","date_gmt":"2021-11-06T11:22:20","guid":{"rendered":"https:\/\/tiendaraices.com.ar\/?post_type=product&#038;p=880"},"modified":"2024-12-01T16:19:17","modified_gmt":"2024-12-01T19:19:17","slug":"cocinita-madera","status":"publish","type":"product","link":"https:\/\/tiendaraices.com.ar\/?product=cocinita-madera","title":{"rendered":"Cocinita madera"},"content":{"rendered":"","protected":false},"excerpt":{"rendered":"<p>Las tareas dom\u00e9sticas, como cocinar, colaboran con la imitaci\u00f3n que los ni\u00f1os\/as necesitan para su desarrollo<br \/>\nEllos\/as replican el hacer y el sentir del adulto que desempe\u00f1a esas tareas&#8230;<br \/>\nCocinemos con alegr\u00eda, disfrutemos los procesos y practiquemos la gratitud!<\/p>\n<p>2 puertas y 4 hornallas &#8211; Pileta y canilla &#8211; Perillas y canillas que giran &#8211; Ruedas fijas (para traslado en sentido lateral y que no se mueva al jugar)<br \/>\nMedidas: 0.70 largo x 0.30 profundidad x 0.55 alto<br \/>\nMaterial: Pino.<\/p>\n","protected":false},"featured_media":883,"template":"","meta":[],"product_cat":[18],"product_tag":[],"class_list":{"0":"post-880","1":"product","2":"type-product","3":"status-publish","4":"has-post-thumbnail","6":"product_cat-madera","8":"first","9":"outofstock","10":"sold-individually","11":"shipping-taxable","12":"purchasable","13":"product-type-simple"},"_links":{"self":[{"href":"https:\/\/tiendaraices.com.ar\/index.php?rest_route=\/wp\/v2\/product\/880","targetHints":{"allow":["GET"]}}],"collection":[{"href":"https:\/\/tiendaraices.com.ar\/index.php?rest_route=\/wp\/v2\/product"}],"about":[{"href":"https:\/\/tiendaraices.com.ar\/index.php?rest_route=\/wp\/v2\/types\/product"}],"wp:featuredmedia":[{"embeddable":true,"href":"https:\/\/tiendaraices.com.ar\/index.php?rest_route=\/wp\/v2\/media\/883"}],"wp:attachment":[{"href":"https:\/\/tiendaraices.com.ar\/index.php?rest_route=%2Fwp%2Fv2%2Fmedia&parent=880"}],"wp:term":[{"taxonomy":"product_cat","embeddable":true,"href":"https:\/\/tiendaraices.com.ar\/index.php?rest_route=%2Fwp%2Fv2%2Fproduct_cat&post=880"},{"taxonomy":"product_tag","embeddable":true,"href":"https:\/\/tiendaraices.com.ar\/index.php?rest_route=%2Fwp%2Fv2%2Fproduct_tag&post=880"}],"curies":[{"name":"wp","href":"https:\/\/api.w.org\/{rel}","templated":true}]}}