{"id":403,"date":"2020-09-09T23:26:37","date_gmt":"2020-09-10T02:26:37","guid":{"rendered":"https:\/\/tiendaraices.com.ar\/?post_type=product&#038;p=403"},"modified":"2025-08-22T17:09:29","modified_gmt":"2025-08-22T20:09:29","slug":"muneca-tejida","status":"publish","type":"product","link":"https:\/\/tiendaraices.com.ar\/?product=muneca-tejida","title":{"rendered":"Mu\u00f1eca tejida chica"},"content":{"rendered":"","protected":false},"excerpt":{"rendered":"<p>Esta mu\u00f1eca ha sido confeccionada a mano en su totalidad. Los materiales empleados para su confecci\u00f3n (lana Merino, Vell\u00f3n natural, tela de algod\u00f3n) colaboran con el desarrollo del sentido del tacto, tan esencial en este primer septenio.<br \/>\nSu forma corporal y sus proporciones generan aut\u00e9nticamente el deseo de acoger y cuidar. Ayudan a trabajar el apego y darles seguridad a la hora de dormir.<br \/>\nSu rostro, sin rasgos, les permite a los ni\u00f1as\/os identificarse con las emociones seg\u00fan su necesidad.<br \/>\nLos ni\u00f1as\/os alcanzan dos conquistas cuando tienen una mu\u00f1eca en sus brazos \u201c cuidar de s\u00ed mismos y cuidar a otro\u201d&#8230;<br \/>\nToda\/o ni\u00f1a\/o se vincular\u00e1 con aquello que el adulto hace con sus propias manos porque ese objeto guarda esmero, dedicaci\u00f3n y amor que nutrir\u00e1 su alma&#8230;<\/p>\n","protected":false},"featured_media":404,"template":"","meta":[],"product_cat":[26,29],"product_tag":[],"class_list":{"0":"post-403","1":"product","2":"type-product","3":"status-publish","4":"has-post-thumbnail","6":"product_cat-munecos","7":"product_cat-tejidos","9":"first","10":"outofstock","11":"sold-individually","12":"shipping-taxable","13":"purchasable","14":"product-type-simple"},"_links":{"self":[{"href":"https:\/\/tiendaraices.com.ar\/index.php?rest_route=\/wp\/v2\/product\/403","targetHints":{"allow":["GET"]}}],"collection":[{"href":"https:\/\/tiendaraices.com.ar\/index.php?rest_route=\/wp\/v2\/product"}],"about":[{"href":"https:\/\/tiendaraices.com.ar\/index.php?rest_route=\/wp\/v2\/types\/product"}],"wp:featuredmedia":[{"embeddable":true,"href":"https:\/\/tiendaraices.com.ar\/index.php?rest_route=\/wp\/v2\/media\/404"}],"wp:attachment":[{"href":"https:\/\/tiendaraices.com.ar\/index.php?rest_route=%2Fwp%2Fv2%2Fmedia&parent=403"}],"wp:term":[{"taxonomy":"product_cat","embeddable":true,"href":"https:\/\/tiendaraices.com.ar\/index.php?rest_route=%2Fwp%2Fv2%2Fproduct_cat&post=403"},{"taxonomy":"product_tag","embeddable":true,"href":"https:\/\/tiendaraices.com.ar\/index.php?rest_route=%2Fwp%2Fv2%2Fproduct_tag&post=403"}],"curies":[{"name":"wp","href":"https:\/\/api.w.org\/{rel}","templated":true}]}}