{"id":1639,"date":"2025-10-10T16:50:38","date_gmt":"2025-10-10T19:50:38","guid":{"rendered":"https:\/\/tiendaraices.com.ar\/?post_type=product&#038;p=1639"},"modified":"2026-03-05T18:26:02","modified_gmt":"2026-03-05T21:26:02","slug":"armo-mi-camping","status":"publish","type":"product","link":"https:\/\/tiendaraices.com.ar\/?product=armo-mi-camping","title":{"rendered":"Armo mi Camping"},"content":{"rendered":"<p>Escenario de juego de madera de guatamb\u00fa para armar y combinar con los mu\u00f1equitos que tenemos en casa. Trae 1 carpa, 2 sillas, 2 bolsas de dormir y un fog\u00f3n! Como todos nuestros juegos, viene en bolsa de guardado y con sugerencias de armado.<\/p>\n<p>&nbsp;<\/p>\n","protected":false},"excerpt":{"rendered":"<p>Escenario de juego de madera de guatamb\u00fa para armar y combinar con los mu\u00f1equitos que tenemos en casa. Trae 1 carpa, 2 sillas, 2 bolsas de dormir y un fog\u00f3n! Como todos nuestros juegos, viene en bolsa de guardado y con sugerencias de armado. &nbsp;<\/p>\n","protected":false},"featured_media":1640,"template":"","meta":[],"product_cat":[18],"product_tag":[],"class_list":{"0":"post-1639","1":"product","2":"type-product","3":"status-publish","4":"has-post-thumbnail","6":"product_cat-madera","8":"first","9":"instock","10":"shipping-taxable","11":"purchasable","12":"product-type-simple"},"_links":{"self":[{"href":"https:\/\/tiendaraices.com.ar\/index.php?rest_route=\/wp\/v2\/product\/1639","targetHints":{"allow":["GET"]}}],"collection":[{"href":"https:\/\/tiendaraices.com.ar\/index.php?rest_route=\/wp\/v2\/product"}],"about":[{"href":"https:\/\/tiendaraices.com.ar\/index.php?rest_route=\/wp\/v2\/types\/product"}],"wp:featuredmedia":[{"embeddable":true,"href":"https:\/\/tiendaraices.com.ar\/index.php?rest_route=\/wp\/v2\/media\/1640"}],"wp:attachment":[{"href":"https:\/\/tiendaraices.com.ar\/index.php?rest_route=%2Fwp%2Fv2%2Fmedia&parent=1639"}],"wp:term":[{"taxonomy":"product_cat","embeddable":true,"href":"https:\/\/tiendaraices.com.ar\/index.php?rest_route=%2Fwp%2Fv2%2Fproduct_cat&post=1639"},{"taxonomy":"product_tag","embeddable":true,"href":"https:\/\/tiendaraices.com.ar\/index.php?rest_route=%2Fwp%2Fv2%2Fproduct_tag&post=1639"}],"curies":[{"name":"wp","href":"https:\/\/api.w.org\/{rel}","templated":true}]}}