{"id":1421,"date":"2024-04-22T11:44:55","date_gmt":"2024-04-22T14:44:55","guid":{"rendered":"https:\/\/tiendaraices.com.ar\/?post_type=product&#038;p=1421"},"modified":"2024-10-18T14:44:34","modified_gmt":"2024-10-18T17:44:34","slug":"experiencias-raices-monta-recreativa-x-2-clases","status":"publish","type":"product","link":"https:\/\/tiendaraices.com.ar\/?product=experiencias-raices-monta-recreativa-x-2-clases","title":{"rendered":"Experiencias Raices &#8211; Monta Recreativa x 1 Clase"},"content":{"rendered":"<p style=\"padding-left: 40px;\">Una experiencia inolvidable, donde adem\u00e1s de montar y jugar, se establece una conexi\u00f3n \u00fanica con estos animales majestuosos, permiti\u00e9ndonos entender su comportamiento y trabajar juntos como un equipo.<\/p>\n<p>Vale por una clase de 30 minutos.<\/p>\n<p>&nbsp;<\/p>\n","protected":false},"excerpt":{"rendered":"<p>Una experiencia inolvidable, donde adem\u00e1s de montar y jugar, se establece una conexi\u00f3n \u00fanica con estos animales majestuosos, permiti\u00e9ndonos entender su comportamiento y trabajar juntos como un equipo. Vale por una clase de 30 minutos. &nbsp;<\/p>\n","protected":false},"featured_media":1422,"template":"","meta":[],"product_cat":[18],"product_tag":[],"class_list":{"0":"post-1421","1":"product","2":"type-product","3":"status-publish","4":"has-post-thumbnail","6":"product_cat-madera","8":"first","9":"onbackorder","10":"sold-individually","11":"shipping-taxable","12":"product-type-simple"},"_links":{"self":[{"href":"https:\/\/tiendaraices.com.ar\/index.php?rest_route=\/wp\/v2\/product\/1421","targetHints":{"allow":["GET"]}}],"collection":[{"href":"https:\/\/tiendaraices.com.ar\/index.php?rest_route=\/wp\/v2\/product"}],"about":[{"href":"https:\/\/tiendaraices.com.ar\/index.php?rest_route=\/wp\/v2\/types\/product"}],"wp:featuredmedia":[{"embeddable":true,"href":"https:\/\/tiendaraices.com.ar\/index.php?rest_route=\/wp\/v2\/media\/1422"}],"wp:attachment":[{"href":"https:\/\/tiendaraices.com.ar\/index.php?rest_route=%2Fwp%2Fv2%2Fmedia&parent=1421"}],"wp:term":[{"taxonomy":"product_cat","embeddable":true,"href":"https:\/\/tiendaraices.com.ar\/index.php?rest_route=%2Fwp%2Fv2%2Fproduct_cat&post=1421"},{"taxonomy":"product_tag","embeddable":true,"href":"https:\/\/tiendaraices.com.ar\/index.php?rest_route=%2Fwp%2Fv2%2Fproduct_tag&post=1421"}],"curies":[{"name":"wp","href":"https:\/\/api.w.org\/{rel}","templated":true}]}}