{"id":1358,"date":"2023-11-01T16:57:42","date_gmt":"2023-11-01T19:57:42","guid":{"rendered":"https:\/\/tiendaraices.com.ar\/?post_type=product&#038;p=1358"},"modified":"2024-12-09T18:39:48","modified_gmt":"2024-12-09T21:39:48","slug":"piedras-de-equilibrio","status":"publish","type":"product","link":"https:\/\/tiendaraices.com.ar\/?product=piedras-de-equilibrio","title":{"rendered":"Piedras de Equilibrio &#8211; Apacheta 12 piezas"},"content":{"rendered":"<p>Las piedras son de pino, de diferentes tama\u00f1os y formatos, protegidas con aceite de lino para conservar la madera. Su presentaci\u00f3n es en una bolsa de tela, que incluye 12 unidades<\/p>\n<p>Ponen en pr\u00e1ctica el dominio sobre su cuerpo, estimulando la motricidad fina. Experimentan con el peso de las piedras, la gravedad y el equilibrio. A la vez que desarrollan la paciencia, la tolerancia, permitiendo trabajar el manejo de la frustraci\u00f3n.<\/p>\n<p>Tambi\u00e9n conocido como Apacheta: \u00a0mont\u00edculo de piedras colocadas en forma c\u00f3nica una sobre otra, como ofrenda realizada por los pueblos <a title=\"Ind\u00edgena\" href=\"https:\/\/es.wikipedia.org\/wiki\/Ind%C3%ADgena\">ind\u00edgenas<\/a>\u00a0de los\u00a0<a title=\"Cordillera de los Andes\" href=\"https:\/\/es.wikipedia.org\/wiki\/Cordillera_de_los_Andes\">Andes<\/a>\u00a0de\u00a0<a title=\"Am\u00e9rica del Sur\" href=\"https:\/\/es.wikipedia.org\/wiki\/Am%C3%A9rica_del_Sur\">Am\u00e9rica del Sur<\/a>\u00a0a la\u00a0<a title=\"Pachamama\" href=\"https:\/\/es.wikipedia.org\/wiki\/Pachamama\">Pachamama<\/a>\u00a0y\/o deidades del lugar, en las cuestas dif\u00edciles de los caminos.<sup id=\"cite_ref-1\" class=\"reference separada\"><\/sup><\/p>\n","protected":false},"excerpt":{"rendered":"<p>Las piedras son de pino, de diferentes tama\u00f1os y formatos, protegidas con aceite de lino para conservar la madera. Su presentaci\u00f3n es en una bolsa de tela, que incluye 12 unidades Ponen en pr\u00e1ctica el dominio sobre su cuerpo, estimulando la motricidad fina. Experimentan con el peso de las piedras, la gravedad y el equilibrio. [&hellip;]<\/p>\n","protected":false},"featured_media":1340,"template":"","meta":[],"product_cat":[18],"product_tag":[],"class_list":{"0":"post-1358","1":"product","2":"type-product","3":"status-publish","4":"has-post-thumbnail","6":"product_cat-madera","8":"first","9":"outofstock","10":"shipping-taxable","11":"purchasable","12":"product-type-simple"},"_links":{"self":[{"href":"https:\/\/tiendaraices.com.ar\/index.php?rest_route=\/wp\/v2\/product\/1358","targetHints":{"allow":["GET"]}}],"collection":[{"href":"https:\/\/tiendaraices.com.ar\/index.php?rest_route=\/wp\/v2\/product"}],"about":[{"href":"https:\/\/tiendaraices.com.ar\/index.php?rest_route=\/wp\/v2\/types\/product"}],"wp:featuredmedia":[{"embeddable":true,"href":"https:\/\/tiendaraices.com.ar\/index.php?rest_route=\/wp\/v2\/media\/1340"}],"wp:attachment":[{"href":"https:\/\/tiendaraices.com.ar\/index.php?rest_route=%2Fwp%2Fv2%2Fmedia&parent=1358"}],"wp:term":[{"taxonomy":"product_cat","embeddable":true,"href":"https:\/\/tiendaraices.com.ar\/index.php?rest_route=%2Fwp%2Fv2%2Fproduct_cat&post=1358"},{"taxonomy":"product_tag","embeddable":true,"href":"https:\/\/tiendaraices.com.ar\/index.php?rest_route=%2Fwp%2Fv2%2Fproduct_tag&post=1358"}],"curies":[{"name":"wp","href":"https:\/\/api.w.org\/{rel}","templated":true}]}}